{"id":127,"date":"2025-08-07T18:07:41","date_gmt":"2025-08-07T16:07:41","guid":{"rendered":"https:\/\/www.dominot.pl\/?page_id=127"},"modified":"2025-08-19T13:09:07","modified_gmt":"2025-08-19T11:09:07","slug":"administrator-danych-osobowych","status":"publish","type":"page","link":"https:\/\/www.dominot.pl\/index.php\/administrator-danych-osobowych\/","title":{"rendered":"Administrator danych osobowych"},"content":{"rendered":"\n<h2 class=\"wp-block-heading has-secondary-color has-text-color has-link-color has-extra-large-font-size wp-elements-7162272a8219741f8dd7600975124c25\">INFORMACJE DOTYCZ\u0104CE PRZETWARZANIA DANYCH<\/h2>\n\n\n\n<p class=\"has-secondary-color has-text-color has-link-color wp-elements-3e98358defd65cf1227e9c8b674c5015\">Administratorem danych osobowych uczestnik\u00f3w Konkursu, opiekun\u00f3w niepe\u0142noletnich uczestnik\u00f3w Konkursu jest:<\/p>\n\n\n\n<p class=\"has-secondary-color has-text-color has-link-color wp-elements-b72dbb6d5f2fdc14ae07947f9fd69102\"><strong>Radomska Rada Federacji Stowarzysze\u0144 Naukowo-Technicznych Naczelnej Organizacji Technicznej <\/strong>z siedzib\u0105 w Radomiu (26-610), ul. Rwa\u0144ska 17 lok. U1, <strong>www.radom.enot.pl<\/strong><\/p>\n\n\n\n<p class=\"has-secondary-color has-text-color has-link-color wp-elements-960148a491a550849aa8af3ff31ff598\">Kontakt z Administratorem jest mo\u017cliwy za po\u015brednictwem adresu e-mail biuro@radom.enot.pllub pisemnie na wy\u017cej wskazany adres siedziby.<\/p>\n\n\n\n<p class=\"has-secondary-color has-text-color has-link-color wp-elements-734a56d17db71991d5299259db712fab\">Kontakt z wyznaczonym inspektorem ochrony danych jest mo\u017cliwy pod: iod@not.org.pl<\/p>\n\n\n\n<p class=\"has-secondary-color has-text-color has-link-color wp-elements-2681867a3f7736bcac3acdfcc323d667\"><strong>ODBIORCY DANYCH<\/strong><\/p>\n\n\n\n<p class=\"has-secondary-color has-text-color has-link-color wp-elements-60436bc88599bfeaddb0e3eb4847c27f\">\uf0b7 Odbiorcami danych osobowych s\u0105 pracownicy i wsp\u00f3\u0142pracownicy FSNT-NOT upowa\u017cnieni do przetwarzania danych osobowych, cz\u0142onkowie jury, partnerzy<br>i wsp\u00f3\u0142organizatorzy konkursu.<\/p>\n\n\n\n<p class=\"has-secondary-color has-text-color has-link-color wp-elements-4e160b903d232f3fc88f1cf0e89dcb5c\">\uf0b7 Dane osobowe laureat\u00f3w konkursu, nauczycieli oraz os\u00f3b odbieraj\u0105cych nagrody mog\u0105 by\u0107 przekazane r\u00f3wnie\u017c Fundatorom nagr\u00f3d w celu dope\u0142nienia wymog\u00f3w formalnych zwi\u0105zanych z otrzymaniem nagr\u00f3d.<\/p>\n\n\n\n<p class=\"has-secondary-color has-text-color has-link-color wp-elements-852adbc1deec66ad04c90f46cb65906a\">\uf0b7 Dane osobowe mog\u0105 by\u0107 r\u00f3wnie\u017c udost\u0119pnione podmiotom i organom upowa\u017cnionym do przetwarzania tych danych na podstawie powszechnie obowi\u0105zuj\u0105cych przepis\u00f3w prawa.<\/p>\n\n\n\n<p class=\"has-secondary-color has-text-color has-link-color wp-elements-b2c82864ce4c7a4a2d9427521b57c0a5\"><strong>\u0179R\u00d3D\u0141O DANYCH<\/strong><\/p>\n\n\n\n<p class=\"has-secondary-color has-text-color has-link-color wp-elements-9799870bbcfa6580c526313493c12bba\">Dane osobowe b\u0119d\u0105 uzyskane w ramach przes\u0142anego do nas zg\u0142oszenia na konkurs.<\/p>\n\n\n\n<p class=\"has-secondary-color has-text-color has-link-color wp-elements-3496961f8d567ce083de5a42495b2a0a\"><strong>PODSTAWY PRZETWARZANIA I CELE PRZETWARZANIA DANYCH OSOBOWYCH<\/strong><\/p>\n\n\n\n<p class=\"has-secondary-color has-text-color has-link-color wp-elements-d9d19a15b55d4d1535e449c8125c5291\">Pa\u0144stwa dane osobowe s\u0105 przetwarzane:<\/p>\n\n\n\n<p class=\"has-secondary-color has-text-color has-link-color wp-elements-e427ceaa0eda0b463b18774013dde6b4\">\uf0b7 Na podstawie akceptacji przez Pani\u0105\/Pana niniejszego regulaminu Konkursu, tj. na podstawie art. 6 ust. 1 lit. b Rozporz\u0105dzenia og\u00f3lnego o ochronie danych osobowych 2016\/679 \u2013 RODO, tj. w celu organizacji i przeprowadzenia Konkursu \u201eEfekt domiNOT czyli Natr\u0119tnie Obszerne Technikalia\u201d, umo\u017cliwienia wzi\u0119cia udzia\u0142u w konkursie, opublikowania informacji o laureatach konkursu oraz ich prac na stronie internetowej www.radom.enot.pl oraz www.dominot.pl<\/p>\n\n\n\n<p class=\"has-secondary-color has-text-color has-link-color wp-elements-2cefc3dcb15393377546c6b67370510a\">\uf0b7 na podstawie prawnie uzasadnionego interesu realizowanego przez Administratora (art. art. 6 ust. 1 lit f RODO), kt\u00f3rym jest promocja konkursu oraz realizacja cel\u00f3w archiwizacyjnych i wykazanie przestrzegania zasady rozliczalno\u015bci wymaganej przepisami RODO, a tak\u017ce, je\u017celi b\u0119dzie to zasadne obrona, ustalenie lub dochodzenie roszcze\u0144 przez Administratora.<\/p>\n\n\n\n<p class=\"has-secondary-color has-text-color has-link-color wp-elements-a8fe4e5cacd94663ac85fe3cfda9f359\">\uf0b7 Na podstawie zgody art. 6 lit. a RODO w powi\u0105zaniu z art. 81 ustawy o prawie autorskim i prawach pokrewnych \u2013 dotyczy to przetwarzania Pani\/Pana danych w postaci Pani\/Pana wizerunku.<\/p>\n\n\n\n<p class=\"has-secondary-color has-text-color has-link-color wp-elements-5271a95607326f6b8e3eba99481dca1a\"><strong>OKRES PRZETWARZANIA DANYCH OSOBOWYCH<\/strong><\/p>\n\n\n\n<p class=\"has-secondary-color has-text-color has-link-color wp-elements-07c2d9ea4665897b0bde63a29b14afb9\">Dane osobowe przetwarzane b\u0119d\u0105 przez ca\u0142y czas trwania konkursu. Dane przetwarzane na podstawie wyra\u017conej przez Pani\u0105\/Pana zgody b\u0119d\u0105 przetwarzane do momentu jej wycofania, z\u0142o\u017cenia wniosku o usuni\u0119cie lub ograniczenie przetwarzania danych osobowych.<\/p>\n\n\n\n<p class=\"has-secondary-color has-text-color has-link-color wp-elements-762779fbc16ea293ffb81b80d9725d00\">W celach archiwizacyjnych dane b\u0119d\u0105 przetwarzane przez okres do 10 lat. Okres przetwarzania mo\u017ce zosta\u0107 ka\u017cdorazowo przed\u0142u\u017cony o okres przedawnienia roszcze\u0144, je\u017celi przetwarzanie Pani\/Pana danych osobowych b\u0119dzie niezb\u0119dne dla ustalenia lub dochodzenia ewentualnych roszcze\u0144 lub obrony przed takimi roszczeniami przez Administratora.<\/p>\n\n\n\n<p class=\"has-secondary-color has-text-color has-link-color wp-elements-a8ee186efd50c9c14442020f5e73b7f3\"><strong>PRAWA PRZYS\u0141UGUJ\u0104CE OSOBOM, KT\u00d3RYCH DANE S\u0104 PRZETWARZANE<\/strong><\/p>\n\n\n\n<p class=\"has-secondary-color has-text-color has-link-color wp-elements-8192cdf9fe3e065151bddcc3337a5d81\">Osoby, kt\u00f3rych dane osobowe s\u0105 przetwarzane maj\u0105 prawo do:<\/p>\n\n\n\n<p class=\"has-secondary-color has-text-color has-link-color wp-elements-9c3c78b679a99a6f392e7b001b30d8f0\">\uf0b7 dost\u0119pu do swoich danych oraz otrzymania ich kopii;<\/p>\n\n\n\n<p class=\"has-secondary-color has-text-color has-link-color wp-elements-9df7dea2b11b7f73633cfa4b311e944c\">\uf0b7 przenoszenia danych;<\/p>\n\n\n\n<p class=\"has-secondary-color has-text-color has-link-color wp-elements-757a49ddf8e74002e3e87f2fb7599fb3\">\uf0b7 sprostowania (poprawiania) swoich danych, je\u015bli s\u0105 b\u0142\u0119dne lub nieaktualne;<\/p>\n\n\n\n<p class=\"has-secondary-color has-text-color has-link-color wp-elements-56ab25c40fe24e0e57912907086d5d74\">\uf0b7 do ich usuni\u0119cia;<\/p>\n\n\n\n<p class=\"has-secondary-color has-text-color has-link-color wp-elements-10739ac59af6f2cc730e2e17071e9872\">\uf0b7 prawo do ograniczenia lub wniesienia sprzeciwu wobec przetwarzania danych;<\/p>\n\n\n\n<p class=\"has-secondary-color has-text-color has-link-color wp-elements-05491efb39e0e6d875c5e22c7f6994c7\">\uf0b7 prawo do cofni\u0119cia zgody w dowolnym momencie bez wp\u0142ywu na zgodno\u015b\u0107 z prawem przetwarzania, kt\u00f3rego dokonano na podstawie zgody przed jej cofni\u0119ciem.<\/p>\n\n\n\n<p class=\"has-secondary-color has-text-color has-link-color wp-elements-824461180b50c39375d8ee9a443f4d92\">Ograniczenia w korzystaniu ze wskazanych praw mo\u017ce wynika\u0107 wy\u0142\u0105cznie z powszechnie obowi\u0105zuj\u0105cych przepis\u00f3w prawa.<\/p>\n\n\n\n<p class=\"has-secondary-color has-text-color has-link-color wp-elements-316f0bf89159ce367208bfac0ca9e279\">\uf0b7 W sytuacji, gdy osoba, kt\u00f3rej dane s\u0105 przetwarzane w zwi\u0105zku z konkursem uzna, \u017ce przetwarzanie jej danych osobowych narusza przepisy dotycz\u0105ce ochrony danych osobowych, w tym przepisy RODO ma prawo do wniesienia skargi do organu nadzorczego, w Polsce \u2013 do Prezesa Urz\u0119du Ochrony Danych Osobowych (na adres Urz\u0119du Ochrony Danych Osobowych, ul. Stawki 2, 00-193 Warszawa).<\/p>\n\n\n\n<p class=\"has-secondary-color has-text-color has-link-color wp-elements-5e0865eae865bc54ccef89cc611fd0e7\"><strong>WYM\u00d3G PODANIA DANYCH<\/strong><\/p>\n\n\n\n<p class=\"has-secondary-color has-text-color has-link-color wp-elements-c0ae60724208f96348d4e8beea36632b\">Podanie danych osobowych jest dobrowolne, jednak\u017ce niepodanie danych w zakresie wymaganym przepisami niniejszego Regulaminu Konkursu b\u0119dzie skutkowa\u0107 brakiem mo\u017cliwo\u015bci udzia\u0142u w konkursie \u201eEfekt domiNOT czyli Natr\u0119tnie Obszerne Technikalia\u201d.<\/p>\n\n\n\n<p class=\"has-secondary-color has-text-color has-link-color wp-elements-58b54e03f5b56777890a4ae3537de48f\"><strong>INFORMACJE DOTYCZ\u0104CE PROFILOWANIA<\/strong><\/p>\n\n\n\n<p class=\"has-secondary-color has-text-color has-link-color wp-elements-9f9821d65e550661f3c705866ac05318\">Administrator nie przetwarza danych osobowych Uczestnik\u00f3w konkursu oraz os\u00f3b wskazanych w za\u0142\u0105cznikach do ww. Regulaminu w spos\u00f3b opieraj\u0105cy si\u0119 wy\u0142\u0105cznie na zautomatyzowanym przetwarzaniu, w tym profilowaniu.<\/p>\n\n\n\n<p><\/p>\n","protected":false},"excerpt":{"rendered":"<p>INFORMACJE DOTYCZ\u0104CE PRZETWARZANIA DANYCH Administratorem danych osobowych uczestnik\u00f3w Konkursu, opiekun\u00f3w niepe\u0142noletnich uczestnik\u00f3w Konkursu jest: Radomska Rada Federacji Stowarzysze\u0144 Naukowo-Technicznych Naczelnej Organizacji Technicznej z siedzib\u0105 w Radomiu (26-610), ul. Rwa\u0144ska 17 lok. U1, www.radom.enot.pl Kontakt z Administratorem jest mo\u017cliwy za po\u015brednictwem adresu e-mail biuro@radom.enot.pllub pisemnie na wy\u017cej wskazany adres siedziby. Kontakt z wyznaczonym inspektorem ochrony danych&hellip; <a class=\"continue\" href=\"https:\/\/www.dominot.pl\/index.php\/administrator-danych-osobowych\/\">Continue Reading<span> Administrator danych osobowych<\/span><\/a><\/p>\n","protected":false},"author":1,"featured_media":0,"parent":0,"menu_order":0,"comment_status":"closed","ping_status":"closed","template":"","meta":{"footnotes":""},"class_list":["post-127","page","type-page","status-publish","hentry"],"_links":{"self":[{"href":"https:\/\/www.dominot.pl\/index.php\/wp-json\/wp\/v2\/pages\/127","targetHints":{"allow":["GET"]}}],"collection":[{"href":"https:\/\/www.dominot.pl\/index.php\/wp-json\/wp\/v2\/pages"}],"about":[{"href":"https:\/\/www.dominot.pl\/index.php\/wp-json\/wp\/v2\/types\/page"}],"author":[{"embeddable":true,"href":"https:\/\/www.dominot.pl\/index.php\/wp-json\/wp\/v2\/users\/1"}],"replies":[{"embeddable":true,"href":"https:\/\/www.dominot.pl\/index.php\/wp-json\/wp\/v2\/comments?post=127"}],"version-history":[{"count":4,"href":"https:\/\/www.dominot.pl\/index.php\/wp-json\/wp\/v2\/pages\/127\/revisions"}],"predecessor-version":[{"id":290,"href":"https:\/\/www.dominot.pl\/index.php\/wp-json\/wp\/v2\/pages\/127\/revisions\/290"}],"wp:attachment":[{"href":"https:\/\/www.dominot.pl\/index.php\/wp-json\/wp\/v2\/media?parent=127"}],"curies":[{"name":"wp","href":"https:\/\/api.w.org\/{rel}","templated":true}]}}

<h2 class="wp-block-heading has-secondary-color has-text-color has-link-color has-extra-large-font-size wp-elements-7162272a8219741f8dd7600975124c25">INFORMACJE DOTYCZĄCE PRZETWARZANIA DANYCH</h2>



<p class="has-secondary-color has-text-color has-link-color wp-elements-3e98358defd65cf1227e9c8b674c5015">Administratorem danych osobowych uczestników Konkursu, opiekunów niepełnoletnich uczestników Konkursu jest:</p>



<p class="has-secondary-color has-text-color has-link-color wp-elements-b72dbb6d5f2fdc14ae07947f9fd69102"><strong>Radomska Rada Federacji Stowarzyszeń Naukowo-Technicznych Naczelnej Organizacji Technicznej </strong>z siedzibą w Radomiu (26-610), ul. Rwańska 17 lok. U1, <strong>www.radom.enot.pl</strong></p>



<p class="has-secondary-color has-text-color has-link-color wp-elements-960148a491a550849aa8af3ff31ff598">Kontakt z Administratorem jest możliwy za pośrednictwem adresu e-mail biuro@radom.enot.pllub pisemnie na wyżej wskazany adres siedziby.</p>



<p class="has-secondary-color has-text-color has-link-color wp-elements-734a56d17db71991d5299259db712fab">Kontakt z wyznaczonym inspektorem ochrony danych jest możliwy pod: iod@not.org.pl</p>



<p class="has-secondary-color has-text-color has-link-color wp-elements-2681867a3f7736bcac3acdfcc323d667"><strong>ODBIORCY DANYCH</strong></p>



<p class="has-secondary-color has-text-color has-link-color wp-elements-60436bc88599bfeaddb0e3eb4847c27f"> Odbiorcami danych osobowych są pracownicy i współpracownicy FSNT-NOT upoważnieni do przetwarzania danych osobowych, członkowie jury, partnerzy<br>i współorganizatorzy konkursu.</p>



<p class="has-secondary-color has-text-color has-link-color wp-elements-4e160b903d232f3fc88f1cf0e89dcb5c"> Dane osobowe laureatów konkursu, nauczycieli oraz osób odbierających nagrody mogą być przekazane również Fundatorom nagród w celu dopełnienia wymogów formalnych związanych z otrzymaniem nagród.</p>



<p class="has-secondary-color has-text-color has-link-color wp-elements-852adbc1deec66ad04c90f46cb65906a"> Dane osobowe mogą być również udostępnione podmiotom i organom upoważnionym do przetwarzania tych danych na podstawie powszechnie obowiązujących przepisów prawa.</p>



<p class="has-secondary-color has-text-color has-link-color wp-elements-b2c82864ce4c7a4a2d9427521b57c0a5"><strong>ŹRÓDŁO DANYCH</strong></p>



<p class="has-secondary-color has-text-color has-link-color wp-elements-9799870bbcfa6580c526313493c12bba">Dane osobowe będą uzyskane w ramach przesłanego do nas zgłoszenia na konkurs.</p>



<p class="has-secondary-color has-text-color has-link-color wp-elements-3496961f8d567ce083de5a42495b2a0a"><strong>PODSTAWY PRZETWARZANIA I CELE PRZETWARZANIA DANYCH OSOBOWYCH</strong></p>



<p class="has-secondary-color has-text-color has-link-color wp-elements-d9d19a15b55d4d1535e449c8125c5291">Państwa dane osobowe są przetwarzane:</p>



<p class="has-secondary-color has-text-color has-link-color wp-elements-e427ceaa0eda0b463b18774013dde6b4"> Na podstawie akceptacji przez Panią/Pana niniejszego regulaminu Konkursu, tj. na podstawie art. 6 ust. 1 lit. b Rozporządzenia ogólnego o ochronie danych osobowych 2016/679 – RODO, tj. w celu organizacji i przeprowadzenia Konkursu „Efekt domiNOT czyli Natrętnie Obszerne Technikalia”, umożliwienia wzięcia udziału w konkursie, opublikowania informacji o laureatach konkursu oraz ich prac na stronie internetowej www.radom.enot.pl oraz www.dominot.pl</p>



<p class="has-secondary-color has-text-color has-link-color wp-elements-2cefc3dcb15393377546c6b67370510a"> na podstawie prawnie uzasadnionego interesu realizowanego przez Administratora (art. art. 6 ust. 1 lit f RODO), którym jest promocja konkursu oraz realizacja celów archiwizacyjnych i wykazanie przestrzegania zasady rozliczalności wymaganej przepisami RODO, a także, jeżeli będzie to zasadne obrona, ustalenie lub dochodzenie roszczeń przez Administratora.</p>



<p class="has-secondary-color has-text-color has-link-color wp-elements-a8fe4e5cacd94663ac85fe3cfda9f359"> Na podstawie zgody art. 6 lit. a RODO w powiązaniu z art. 81 ustawy o prawie autorskim i prawach pokrewnych – dotyczy to przetwarzania Pani/Pana danych w postaci Pani/Pana wizerunku.</p>



<p class="has-secondary-color has-text-color has-link-color wp-elements-5271a95607326f6b8e3eba99481dca1a"><strong>OKRES PRZETWARZANIA DANYCH OSOBOWYCH</strong></p>



<p class="has-secondary-color has-text-color has-link-color wp-elements-07c2d9ea4665897b0bde63a29b14afb9">Dane osobowe przetwarzane będą przez cały czas trwania konkursu. Dane przetwarzane na podstawie wyrażonej przez Panią/Pana zgody będą przetwarzane do momentu jej wycofania, złożenia wniosku o usunięcie lub ograniczenie przetwarzania danych osobowych.</p>



<p class="has-secondary-color has-text-color has-link-color wp-elements-762779fbc16ea293ffb81b80d9725d00">W celach archiwizacyjnych dane będą przetwarzane przez okres do 10 lat. Okres przetwarzania może zostać każdorazowo przedłużony o okres przedawnienia roszczeń, jeżeli przetwarzanie Pani/Pana danych osobowych będzie niezbędne dla ustalenia lub dochodzenia ewentualnych roszczeń lub obrony przed takimi roszczeniami przez Administratora.</p>



<p class="has-secondary-color has-text-color has-link-color wp-elements-a8ee186efd50c9c14442020f5e73b7f3"><strong>PRAWA PRZYSŁUGUJĄCE OSOBOM, KTÓRYCH DANE SĄ PRZETWARZANE</strong></p>



<p class="has-secondary-color has-text-color has-link-color wp-elements-8192cdf9fe3e065151bddcc3337a5d81">Osoby, których dane osobowe są przetwarzane mają prawo do:</p>



<p class="has-secondary-color has-text-color has-link-color wp-elements-9c3c78b679a99a6f392e7b001b30d8f0"> dostępu do swoich danych oraz otrzymania ich kopii;</p>



<p class="has-secondary-color has-text-color has-link-color wp-elements-9df7dea2b11b7f73633cfa4b311e944c"> przenoszenia danych;</p>



<p class="has-secondary-color has-text-color has-link-color wp-elements-757a49ddf8e74002e3e87f2fb7599fb3"> sprostowania (poprawiania) swoich danych, jeśli są błędne lub nieaktualne;</p>



<p class="has-secondary-color has-text-color has-link-color wp-elements-56ab25c40fe24e0e57912907086d5d74"> do ich usunięcia;</p>



<p class="has-secondary-color has-text-color has-link-color wp-elements-10739ac59af6f2cc730e2e17071e9872"> prawo do ograniczenia lub wniesienia sprzeciwu wobec przetwarzania danych;</p>



<p class="has-secondary-color has-text-color has-link-color wp-elements-05491efb39e0e6d875c5e22c7f6994c7"> prawo do cofnięcia zgody w dowolnym momencie bez wpływu na zgodność z prawem przetwarzania, którego dokonano na podstawie zgody przed jej cofnięciem.</p>



<p class="has-secondary-color has-text-color has-link-color wp-elements-824461180b50c39375d8ee9a443f4d92">Ograniczenia w korzystaniu ze wskazanych praw może wynikać wyłącznie z powszechnie obowiązujących przepisów prawa.</p>



<p class="has-secondary-color has-text-color has-link-color wp-elements-316f0bf89159ce367208bfac0ca9e279"> W sytuacji, gdy osoba, której dane są przetwarzane w związku z konkursem uzna, że przetwarzanie jej danych osobowych narusza przepisy dotyczące ochrony danych osobowych, w tym przepisy RODO ma prawo do wniesienia skargi do organu nadzorczego, w Polsce – do Prezesa Urzędu Ochrony Danych Osobowych (na adres Urzędu Ochrony Danych Osobowych, ul. Stawki 2, 00-193 Warszawa).</p>



<p class="has-secondary-color has-text-color has-link-color wp-elements-5e0865eae865bc54ccef89cc611fd0e7"><strong>WYMÓG PODANIA DANYCH</strong></p>



<p class="has-secondary-color has-text-color has-link-color wp-elements-c0ae60724208f96348d4e8beea36632b">Podanie danych osobowych jest dobrowolne, jednakże niepodanie danych w zakresie wymaganym przepisami niniejszego Regulaminu Konkursu będzie skutkować brakiem możliwości udziału w konkursie „Efekt domiNOT czyli Natrętnie Obszerne Technikalia”.</p>



<p class="has-secondary-color has-text-color has-link-color wp-elements-58b54e03f5b56777890a4ae3537de48f"><strong>INFORMACJE DOTYCZĄCE PROFILOWANIA</strong></p>



<p class="has-secondary-color has-text-color has-link-color wp-elements-9f9821d65e550661f3c705866ac05318">Administrator nie przetwarza danych osobowych Uczestników konkursu oraz osób wskazanych w załącznikach do ww. Regulaminu w sposób opierający się wyłącznie na zautomatyzowanym przetwarzaniu, w tym profilowaniu.</p>



<p></p>

<p>INFORMACJE DOTYCZĄCE PRZETWARZANIA DANYCH Administratorem danych osobowych uczestników Konkursu, opiekunów niepełnoletnich uczestników Konkursu jest: Radomska Rada Federacji Stowarzyszeń Naukowo-Technicznych Naczelnej Organizacji Technicznej z siedzibą w Radomiu (26-610), ul. Rwańska 17 lok. U1, www.radom.enot.pl Kontakt z Administratorem jest możliwy za pośrednictwem adresu e-mail biuro@radom.enot.pllub pisemnie na wyżej wskazany adres siedziby. Kontakt z wyznaczonym inspektorem ochrony danych&hellip; <a class="continue" href="https://www.dominot.pl/index.php/administrator-danych-osobowych/">Continue Reading<span> Administrator danych osobowych</span></a></p>
